{"id":956,"date":"2025-06-09T16:56:08","date_gmt":"2025-06-09T19:56:08","guid":{"rendered":"https:\/\/importadoshop.com\/?post_type=product&#038;p=956"},"modified":"2025-11-01T22:13:30","modified_gmt":"2025-11-02T01:13:30","slug":"zapatillas-deportivas-2","status":"publish","type":"product","link":"https:\/\/importadoshop.com\/?product=zapatillas-deportivas-2","title":{"rendered":"Zapatillas deportivas"},"content":{"rendered":"<p>Descubre nuestras zapatillas deportivas, c\u00f3modas y a la \u00faltima moda. Con un dise\u00f1o moderno que combina detalles en azul y naranja, estas zapatillas son perfectas tanto para cualquier actividad f\u00edsica como para el uso diario. Disponibles en tallas del 39 al 44, se adaptan perfectamente a tus necesidades. No dejes pasar esta oportunidad de lucir incre\u00edble y sentirte c\u00f3modo en todo momento.<\/p>\n","protected":false},"excerpt":{"rendered":"<p>Zapatillas deportivas con detalles en azul y naranja, c\u00f3modas y modernas. Ideales para uso diario o actividad f\u00edsica. Tallas del 39 al 44.<\/p>\n","protected":false},"featured_media":957,"comment_status":"open","ping_status":"closed","template":"","meta":[],"product_brand":[],"product_cat":[15,24],"product_tag":[],"class_list":{"0":"post-956","1":"product","2":"type-product","3":"status-publish","4":"has-post-thumbnail","6":"product_cat-15","7":"product_cat-calzado-urbano","9":"first","10":"instock","11":"sale","12":"shipping-taxable","13":"purchasable","14":"product-type-variable"},"_links":{"self":[{"href":"https:\/\/importadoshop.com\/index.php?rest_route=\/wp\/v2\/product\/956","targetHints":{"allow":["GET"]}}],"collection":[{"href":"https:\/\/importadoshop.com\/index.php?rest_route=\/wp\/v2\/product"}],"about":[{"href":"https:\/\/importadoshop.com\/index.php?rest_route=\/wp\/v2\/types\/product"}],"replies":[{"embeddable":true,"href":"https:\/\/importadoshop.com\/index.php?rest_route=%2Fwp%2Fv2%2Fcomments&post=956"}],"wp:featuredmedia":[{"embeddable":true,"href":"https:\/\/importadoshop.com\/index.php?rest_route=\/wp\/v2\/media\/957"}],"wp:attachment":[{"href":"https:\/\/importadoshop.com\/index.php?rest_route=%2Fwp%2Fv2%2Fmedia&parent=956"}],"wp:term":[{"taxonomy":"product_brand","embeddable":true,"href":"https:\/\/importadoshop.com\/index.php?rest_route=%2Fwp%2Fv2%2Fproduct_brand&post=956"},{"taxonomy":"product_cat","embeddable":true,"href":"https:\/\/importadoshop.com\/index.php?rest_route=%2Fwp%2Fv2%2Fproduct_cat&post=956"},{"taxonomy":"product_tag","embeddable":true,"href":"https:\/\/importadoshop.com\/index.php?rest_route=%2Fwp%2Fv2%2Fproduct_tag&post=956"}],"curies":[{"name":"wp","href":"https:\/\/api.w.org\/{rel}","templated":true}]}}